{"id":18,"date":"2024-09-09T10:20:14","date_gmt":"2024-09-09T08:20:14","guid":{"rendered":"http:\/\/ema-evreux.fr\/?page_id=18"},"modified":"2024-10-13T19:17:42","modified_gmt":"2024-10-13T17:17:42","slug":"piano","status":"publish","type":"page","link":"https:\/\/ema-evreux.fr\/index.php\/piano\/","title":{"rendered":"Piano"},"content":{"rendered":"\t\t<div data-elementor-type=\"wp-page\" data-elementor-id=\"18\" class=\"elementor elementor-18\">\n\t\t\t\t<div class=\"elementor-element elementor-element-445e6ac e-flex e-con-boxed e-con e-parent\" data-id=\"445e6ac\" data-element_type=\"container\" data-e-type=\"container\">\n\t\t\t\t\t<div class=\"e-con-inner\">\n\t\t<div class=\"elementor-element elementor-element-104acb0 e-con-full e-flex e-con e-child\" data-id=\"104acb0\" data-element_type=\"container\" data-e-type=\"container\">\n\t\t\t\t<div class=\"elementor-element elementor-element-57aa7b7 elementor-invisible elementor-widget elementor-widget-heading\" data-id=\"57aa7b7\" data-element_type=\"widget\" data-e-type=\"widget\" data-settings=\"{&quot;_animation&quot;:&quot;fadeInRight&quot;}\" data-widget_type=\"heading.default\">\n\t\t\t\t<div class=\"elementor-widget-container\">\n\t\t\t\t\t<h2 class=\"elementor-heading-title elementor-size-default\">Denis Burel<\/h2>\t\t\t\t<\/div>\n\t\t\t\t<\/div>\n\t\t\t\t<div class=\"elementor-element elementor-element-a4def30 elementor-invisible elementor-widget elementor-widget-heading\" data-id=\"a4def30\" data-element_type=\"widget\" data-e-type=\"widget\" data-settings=\"{&quot;_animation&quot;:&quot;fadeInRight&quot;}\" data-widget_type=\"heading.default\">\n\t\t\t\t<div class=\"elementor-widget-container\">\n\t\t\t\t\t<h3 class=\"elementor-heading-title elementor-size-default\">\n06 50 29 04 39<\/h3>\t\t\t\t<\/div>\n\t\t\t\t<\/div>\n\t\t\t\t<div class=\"elementor-element elementor-element-15562e7 elementor-widget elementor-widget-text-editor\" data-id=\"15562e7\" data-element_type=\"widget\" data-e-type=\"widget\" data-widget_type=\"text-editor.default\">\n\t\t\t\t<div class=\"elementor-widget-container\">\n\t\t\t\t\t\t\t\t\t<p class=\"font_8 wixui-rich-text__text\"><span style=\"text-decoration: underline;\"><span class=\"wixui-rich-text__text\"><span class=\"backcolor_36 wixui-rich-text__text\">Enseignement du piano :<\/span><\/span><\/span><\/p><ul><li class=\"font_8 wixui-rich-text__text\"><span class=\"backcolor_36 wixui-rich-text__text\">Cours <strong>particuliers<\/strong> de 20mn, 30mn, 45mn, 1 heure selon niveau et moyens.<\/span><\/li><li class=\"font_8 wixui-rich-text__text\"><span class=\"backcolor_36 wixui-rich-text__text\">d\u00e9butant enfant sachant lire et \u00e9crire, ado, adulte, au confirm\u00e9.<\/span><\/li><li class=\"font_8 wixui-rich-text__text\"><span class=\"backcolor_36 wixui-rich-text__text\">Solf\u00e8ge inclus dans l&#8217;apprentissage du piano sur support d\u2019une <strong>m\u00e9thode actuelle<\/strong> agr\u00e9ment\u00e9e de <strong>morceaux accompagn\u00e9s<\/strong>.<\/span><\/li><\/ul><p class=\"font_8 wixui-rich-text__text\"><span class=\"backcolor_36 wixui-rich-text__text\">Bien d\u2019autres \u00e9coles de musique basent leur enseignement sur la musique dite \u00abclassique\u00bb nous travaillerons principalement sur les musiques pop, vari\u00e9t\u00e9, musiques de film&#8230;<\/span><\/p><p class=\"font_8 wixui-rich-text__text\"><span class=\"backcolor_36 wixui-rich-text__text\">L&#8217;\u00e9l\u00e8ve peut aussi se sp\u00e9cialiser dans les <strong>musiques improvis\u00e9es<\/strong>, la cr\u00e9ation, l\u2019accompagnement de chanson et progresser dans les styles Blues, Boogie, Rag, Jazz swing, Smooth Jazz , Latino. L\u2019\u00e9l\u00e8ve est aussi libre d\u2019apporter ou de proposer ses morceaux \u00e0 travailler.<\/span><\/p>\t\t\t\t\t\t\t\t<\/div>\n\t\t\t\t<\/div>\n\t\t\t\t<\/div>\n\t\t<div class=\"elementor-element elementor-element-d2c1b90 e-con-full e-flex e-con e-child\" data-id=\"d2c1b90\" data-element_type=\"container\" data-e-type=\"container\">\n\t\t\t\t<div class=\"elementor-element elementor-element-222deb8 elementor-invisible elementor-widget elementor-widget-image\" data-id=\"222deb8\" data-element_type=\"widget\" data-e-type=\"widget\" data-settings=\"{&quot;_animation&quot;:&quot;fadeIn&quot;}\" data-widget_type=\"image.default\">\n\t\t\t\t<div class=\"elementor-widget-container\">\n\t\t\t\t\t\t\t\t\t\t\t\t\t\t\t<img fetchpriority=\"high\" decoding=\"async\" width=\"768\" height=\"1024\" src=\"https:\/\/ema-evreux.fr\/wp-content\/uploads\/2024\/09\/Mains-denis-Pleyel-768x1024.jpg\" class=\"attachment-large size-large wp-image-64\" alt=\"\" srcset=\"https:\/\/ema-evreux.fr\/wp-content\/uploads\/2024\/09\/Mains-denis-Pleyel-768x1024.jpg 768w, https:\/\/ema-evreux.fr\/wp-content\/uploads\/2024\/09\/Mains-denis-Pleyel-225x300.jpg 225w, https:\/\/ema-evreux.fr\/wp-content\/uploads\/2024\/09\/Mains-denis-Pleyel-1152x1536.jpg 1152w, https:\/\/ema-evreux.fr\/wp-content\/uploads\/2024\/09\/Mains-denis-Pleyel.jpg 1524w\" sizes=\"(max-width: 768px) 100vw, 768px\" \/>\t\t\t\t\t\t\t\t\t\t\t\t\t\t\t<\/div>\n\t\t\t\t<\/div>\n\t\t\t\t<\/div>\n\t\t<div class=\"elementor-element elementor-element-1a9155b e-con-full e-flex e-con e-child\" data-id=\"1a9155b\" data-element_type=\"container\" data-e-type=\"container\">\n\t\t\t\t<div class=\"elementor-element elementor-element-d189b77 elementor-widget elementor-widget-image\" data-id=\"d189b77\" data-element_type=\"widget\" data-e-type=\"widget\" data-widget_type=\"image.default\">\n\t\t\t\t<div class=\"elementor-widget-container\">\n\t\t\t\t\t\t\t\t\t\t\t\t\t\t\t<img decoding=\"async\" width=\"1536\" height=\"1152\" src=\"https:\/\/ema-evreux.fr\/wp-content\/uploads\/2024\/09\/DSCF5595-1536x1152.jpg\" class=\"attachment-1536x1536 size-1536x1536 wp-image-51\" alt=\"\" srcset=\"https:\/\/ema-evreux.fr\/wp-content\/uploads\/2024\/09\/DSCF5595-1536x1152.jpg 1536w, https:\/\/ema-evreux.fr\/wp-content\/uploads\/2024\/09\/DSCF5595-1024x768.jpg 1024w, https:\/\/ema-evreux.fr\/wp-content\/uploads\/2024\/09\/DSCF5595-2048x1536.jpg 2048w\" sizes=\"(max-width: 1536px) 100vw, 1536px\" \/>\t\t\t\t\t\t\t\t\t\t\t\t\t\t\t<\/div>\n\t\t\t\t<\/div>\n\t\t\t\t<\/div>\n\t\t<div class=\"elementor-element elementor-element-b646b2f e-con-full e-flex e-con e-child\" data-id=\"b646b2f\" data-element_type=\"container\" data-e-type=\"container\">\n\t\t\t\t<div class=\"elementor-element elementor-element-9c58b79 elementor-invisible elementor-widget elementor-widget-text-editor\" data-id=\"9c58b79\" data-element_type=\"widget\" data-e-type=\"widget\" data-settings=\"{&quot;_animation&quot;:&quot;fadeInUp&quot;}\" data-widget_type=\"text-editor.default\">\n\t\t\t\t<div class=\"elementor-widget-container\">\n\t\t\t\t\t\t\t\t\t<p class=\"font_8 wixui-rich-text__text\"><span class=\"backcolor_36 wixui-rich-text__text\"><span style=\"text-decoration: underline;\">L\u2019enseignement musical sur <strong>clavier-arrangeur<\/strong><\/span> diff\u00e8re quelque peu de l\u2019apprentissage du piano.<\/span><\/p><p class=\"font_8 wixui-rich-text__text\"><span class=\"backcolor_36 wixui-rich-text__text\">Les m\u00e9thodes sont adapt\u00e9es en progressant avec de la musique populaire, de vari\u00e9t\u00e9 et de musiques de films. <\/span><span class=\"backcolor_36 wixui-rich-text__text\">L\u2019\u00e9l\u00e8ve peut \u00e9galement apporter ses morceaux personnels que nous adapterons \u00e0 son niveau et son clavier.<\/span><\/p><p class=\"font_8 wixui-rich-text__text\"><span class=\"backcolor_36 wixui-rich-text__text\">En cours particulier de 20mn \u00e0 1h.<\/span><\/p>\t\t\t\t\t\t\t\t<\/div>\n\t\t\t\t<\/div>\n\t\t\t\t<\/div>\n\t\t\t\t<div class=\"elementor-element elementor-element-3ca0284 elementor-widget-divider--view-line elementor-widget elementor-widget-divider\" data-id=\"3ca0284\" data-element_type=\"widget\" data-e-type=\"widget\" data-widget_type=\"divider.default\">\n\t\t\t\t<div class=\"elementor-widget-container\">\n\t\t\t\t\t\t\t<div class=\"elementor-divider\">\n\t\t\t<span class=\"elementor-divider-separator\">\n\t\t\t\t\t\t<\/span>\n\t\t<\/div>\n\t\t\t\t\t\t<\/div>\n\t\t\t\t<\/div>\n\t\t\t\t\t<\/div>\n\t\t\t\t<\/div>\n\t\t<div class=\"elementor-element elementor-element-b8a4cfd e-flex e-con-boxed e-con e-parent\" data-id=\"b8a4cfd\" data-element_type=\"container\" data-e-type=\"container\">\n\t\t\t\t\t<div class=\"e-con-inner\">\n\t\t<div class=\"elementor-element elementor-element-948cd8f e-con-full e-flex e-con e-child\" data-id=\"948cd8f\" data-element_type=\"container\" data-e-type=\"container\">\n\t\t\t\t<div class=\"elementor-element elementor-element-270236e elementor-widget__width-initial elementor-invisible elementor-widget elementor-widget-heading\" data-id=\"270236e\" data-element_type=\"widget\" data-e-type=\"widget\" data-settings=\"{&quot;_animation&quot;:&quot;slideInUp&quot;}\" data-widget_type=\"heading.default\">\n\t\t\t\t<div class=\"elementor-widget-container\">\n\t\t\t\t\t<h1 class=\"elementor-heading-title elementor-size-default\">Les + du pianiste<\/h1>\t\t\t\t<\/div>\n\t\t\t\t<\/div>\n\t\t\t\t<div class=\"elementor-element elementor-element-f9ee874 elementor-invisible elementor-widget elementor-widget-image\" data-id=\"f9ee874\" data-element_type=\"widget\" data-e-type=\"widget\" data-settings=\"{&quot;_animation&quot;:&quot;fadeInUp&quot;}\" data-widget_type=\"image.default\">\n\t\t\t\t<div class=\"elementor-widget-container\">\n\t\t\t\t\t\t\t\t\t\t\t\t\t\t\t<img decoding=\"async\" width=\"567\" height=\"560\" src=\"https:\/\/ema-evreux.fr\/wp-content\/uploads\/2024\/09\/score.jpg\" class=\"attachment-large size-large wp-image-173\" alt=\"\" srcset=\"https:\/\/ema-evreux.fr\/wp-content\/uploads\/2024\/09\/score.jpg 567w, https:\/\/ema-evreux.fr\/wp-content\/uploads\/2024\/09\/score-300x296.jpg 300w\" sizes=\"(max-width: 567px) 100vw, 567px\" \/>\t\t\t\t\t\t\t\t\t\t\t\t\t\t\t<\/div>\n\t\t\t\t<\/div>\n\t\t\t\t<\/div>\n\t\t<div class=\"elementor-element elementor-element-09fc1f3 e-con-full e-flex e-con e-child\" data-id=\"09fc1f3\" data-element_type=\"container\" data-e-type=\"container\">\n\t\t\t\t<div class=\"elementor-element elementor-element-29d2809 elementor-invisible elementor-widget elementor-widget-text-editor\" data-id=\"29d2809\" data-element_type=\"widget\" data-e-type=\"widget\" data-settings=\"{&quot;_animation&quot;:&quot;fadeInRight&quot;}\" data-widget_type=\"text-editor.default\">\n\t\t\t\t<div class=\"elementor-widget-container\">\n\t\t\t\t\t\t\t\t\t<h3><strong>Comprendre et expliquer la musique tonale.<\/strong><\/h3><h5><strong><br \/><\/strong><span style=\"text-decoration: underline;\">Cours de formation musicale au solf\u00e8ge sp\u00e9cialis\u00e9<\/span><\/h5><p>Je propose au d\u00e9butant qui d\u00e9sire apprendre \u00e0 lire et m\u00e9moriser <strong>les notes<\/strong> et <strong>le rythme<\/strong>, les bases de la th\u00e9orie, jusqu\u2019au perfectionniste qui se fumera les m\u00e9ninges \u00e0 la dict\u00e9e de notes et d\u2019accords \u00e0 4 sons, en passant par la polyrythmie.<\/p><h5><span style=\"text-decoration: underline;\"><br \/>Cours d\u2019\u00e9criture d\u2019harmonie musicale.<\/span><\/h5><p>Pour celles et ceux qui d\u00e9sirent arranger une m\u00e9lodie, une chanson, du duo au quatuor jusqu\u2019\u00e0 l\u2019orchestre complet.<br \/>Du classique \u00e0 la vari\u00e9t\u00e9 jusqu\u2019au jazz.<\/p><p><strong>Chiffrage des accords<\/strong> forme classique ou \u00e0 l\u2019am\u00e9ricaine.<\/p>\t\t\t\t\t\t\t\t<\/div>\n\t\t\t\t<\/div>\n\t\t\t\t<\/div>\n\t\t\t\t\t<\/div>\n\t\t\t\t<\/div>\n\t\t<div class=\"elementor-element elementor-element-72c2d41 e-flex e-con-boxed e-con e-parent\" data-id=\"72c2d41\" data-element_type=\"container\" data-e-type=\"container\">\n\t\t\t\t\t<div class=\"e-con-inner\">\n\t\t\t\t<div class=\"elementor-element elementor-element-cdf82ca elementor-widget-divider--view-line elementor-widget elementor-widget-divider\" data-id=\"cdf82ca\" data-element_type=\"widget\" data-e-type=\"widget\" data-widget_type=\"divider.default\">\n\t\t\t\t<div class=\"elementor-widget-container\">\n\t\t\t\t\t\t\t<div class=\"elementor-divider\">\n\t\t\t<span class=\"elementor-divider-separator\">\n\t\t\t\t\t\t<\/span>\n\t\t<\/div>\n\t\t\t\t\t\t<\/div>\n\t\t\t\t<\/div>\n\t\t\t\t\t<\/div>\n\t\t\t\t<\/div>\n\t\t<div class=\"elementor-element elementor-element-c329b86 e-flex e-con-boxed elementor-invisible e-con e-parent\" data-id=\"c329b86\" data-element_type=\"container\" data-e-type=\"container\" data-settings=\"{&quot;animation&quot;:&quot;fadeInUp&quot;}\">\n\t\t\t\t\t<div class=\"e-con-inner\">\n\t\t<div class=\"elementor-element elementor-element-cd92f38 e-con-full e-flex e-con e-child\" data-id=\"cd92f38\" data-element_type=\"container\" data-e-type=\"container\">\n\t\t\t\t<div class=\"elementor-element elementor-element-8a60776 elementor-widget elementor-widget-heading\" data-id=\"8a60776\" data-element_type=\"widget\" data-e-type=\"widget\" data-widget_type=\"heading.default\">\n\t\t\t\t<div class=\"elementor-widget-container\">\n\t\t\t\t\t<h2 class=\"elementor-heading-title elementor-size-default\">Pr\u00e9sentation : <\/h2>\t\t\t\t<\/div>\n\t\t\t\t<\/div>\n\t\t\t\t<div class=\"elementor-element elementor-element-3d5042b elementor-widget elementor-widget-text-editor\" data-id=\"3d5042b\" data-element_type=\"widget\" data-e-type=\"widget\" data-widget_type=\"text-editor.default\">\n\t\t\t\t<div class=\"elementor-widget-container\">\n\t\t\t\t\t\t\t\t\t<ul><li class=\"font_8 wixui-rich-text__text\">Conservatoire de Rouen + classe d&#8217;\u00e9criture, analyse.<\/li><li class=\"font_8 wixui-rich-text__text\">Compositeur, arrangeur ( + de 80 \u0153uvres r\u00e9pertori\u00e9es ) direction d&#8217;orchestre.<\/li><li class=\"font_8 wixui-rich-text__text\">35 ans de sc\u00e8ne nationale. Orchestrateur et clavi\u00e9riste du big band de jazz-Rock <strong>Evreux eXperienZ<\/strong><\/li><li class=\"font_8 wixui-rich-text__text\">20 ans de directeur du studio d&#8217;enregistrement sonore <strong>MUSITEL<\/strong>.<\/li><\/ul>\t\t\t\t\t\t\t\t<\/div>\n\t\t\t\t<\/div>\n\t\t\t\t<\/div>\n\t\t<div class=\"elementor-element elementor-element-59e378a e-con-full e-flex e-con e-child\" data-id=\"59e378a\" data-element_type=\"container\" data-e-type=\"container\">\n\t\t\t\t<div class=\"elementor-element elementor-element-05c3e45 elementor-widget elementor-widget-text-editor\" data-id=\"05c3e45\" data-element_type=\"widget\" data-e-type=\"widget\" data-widget_type=\"text-editor.default\">\n\t\t\t\t<div class=\"elementor-widget-container\">\n\t\t\t\t\t\t\t\t\t<p class=\"font_8 wixui-rich-text__text\">Actuellement pianiste-compositeur de Jazz du Denis Burell Trio et accompagnateur d\u2019artistes de jazz et de cabarets.<\/p><p class=\"font_8 wixui-rich-text__text\">Et bien s\u00fbr en journ\u00e9e enseignement du piano, du clavier-arrangeur et de leurs musiques associ\u00e9es.<\/p><p class=\"font_8 wixui-rich-text__text\">Mon catalogue de partitions pdf et mp3 est \u00e0 usage exclusif de tous mes \u00e9l\u00e8ves durant leur p\u00e9riode d\u2019apprentissage.<\/p>\t\t\t\t\t\t\t\t<\/div>\n\t\t\t\t<\/div>\n\t\t\t\t<\/div>\n\t\t\t\t\t<\/div>\n\t\t\t\t<\/div>\n\t\t<div class=\"elementor-element elementor-element-a12d4f6 e-flex e-con-boxed e-con e-parent\" data-id=\"a12d4f6\" data-element_type=\"container\" data-e-type=\"container\">\n\t\t\t\t\t<div class=\"e-con-inner\">\n\t\t\t\t<div class=\"elementor-element elementor-element-21fa7e1 elementor-widget elementor-widget-spacer\" data-id=\"21fa7e1\" data-element_type=\"widget\" data-e-type=\"widget\" data-widget_type=\"spacer.default\">\n\t\t\t\t<div class=\"elementor-widget-container\">\n\t\t\t\t\t\t\t<div class=\"elementor-spacer\">\n\t\t\t<div class=\"elementor-spacer-inner\"><\/div>\n\t\t<\/div>\n\t\t\t\t\t\t<\/div>\n\t\t\t\t<\/div>\n\t\t\t\t\t<\/div>\n\t\t\t\t<\/div>\n\t\t\t\t<\/div>\n\t\t","protected":false},"excerpt":{"rendered":"<p>Denis Burel 06 50 29 04 39 Enseignement du piano : Cours particuliers de 20mn,&hellip;<\/p>\n","protected":false},"author":1,"featured_media":0,"parent":0,"menu_order":0,"comment_status":"closed","ping_status":"closed","template":"elementor_header_footer","meta":{"footnotes":""},"class_list":["post-18","page","type-page","status-publish","hentry"],"_links":{"self":[{"href":"https:\/\/ema-evreux.fr\/index.php\/wp-json\/wp\/v2\/pages\/18","targetHints":{"allow":["GET"]}}],"collection":[{"href":"https:\/\/ema-evreux.fr\/index.php\/wp-json\/wp\/v2\/pages"}],"about":[{"href":"https:\/\/ema-evreux.fr\/index.php\/wp-json\/wp\/v2\/types\/page"}],"author":[{"embeddable":true,"href":"https:\/\/ema-evreux.fr\/index.php\/wp-json\/wp\/v2\/users\/1"}],"replies":[{"embeddable":true,"href":"https:\/\/ema-evreux.fr\/index.php\/wp-json\/wp\/v2\/comments?post=18"}],"version-history":[{"count":34,"href":"https:\/\/ema-evreux.fr\/index.php\/wp-json\/wp\/v2\/pages\/18\/revisions"}],"predecessor-version":[{"id":240,"href":"https:\/\/ema-evreux.fr\/index.php\/wp-json\/wp\/v2\/pages\/18\/revisions\/240"}],"wp:attachment":[{"href":"https:\/\/ema-evreux.fr\/index.php\/wp-json\/wp\/v2\/media?parent=18"}],"curies":[{"name":"wp","href":"https:\/\/api.w.org\/{rel}","templated":true}]}}