{"id":135,"date":"2024-09-11T11:05:41","date_gmt":"2024-09-11T09:05:41","guid":{"rendered":"https:\/\/ema-evreux.fr\/?page_id=135"},"modified":"2025-09-10T10:57:58","modified_gmt":"2025-09-10T08:57:58","slug":"location","status":"publish","type":"page","link":"https:\/\/ema-evreux.fr\/index.php\/location\/","title":{"rendered":"Location d&#8217;instruments"},"content":{"rendered":"\t\t<div data-elementor-type=\"wp-page\" data-elementor-id=\"135\" class=\"elementor elementor-135\">\n\t\t\t\t<div class=\"elementor-element elementor-element-6a96f29 e-flex e-con-boxed e-con e-parent\" data-id=\"6a96f29\" data-element_type=\"container\" data-e-type=\"container\">\n\t\t\t\t\t<div class=\"e-con-inner\">\n\t\t\t\t<div class=\"elementor-element elementor-element-de5035c elementor-invisible elementor-widget elementor-widget-heading\" data-id=\"de5035c\" data-element_type=\"widget\" data-e-type=\"widget\" data-settings=\"{&quot;_animation&quot;:&quot;fadeInRight&quot;}\" data-widget_type=\"heading.default\">\n\t\t\t\t<div class=\"elementor-widget-container\">\n\t\t\t\t\t<h2 class=\"elementor-heading-title elementor-size-default\">Location d'instruments<\/h2>\t\t\t\t<\/div>\n\t\t\t\t<\/div>\n\t\t\t\t\t<\/div>\n\t\t\t\t<\/div>\n\t\t<div class=\"elementor-element elementor-element-c88382a e-flex e-con-boxed e-con e-parent\" data-id=\"c88382a\" data-element_type=\"container\" data-e-type=\"container\">\n\t\t\t\t\t<div class=\"e-con-inner\">\n\t\t<div class=\"elementor-element elementor-element-8ae3588 e-con-full e-flex e-con e-child\" data-id=\"8ae3588\" data-element_type=\"container\" data-e-type=\"container\">\n\t\t\t\t<div class=\"elementor-element elementor-element-f4093b0 elementor-widget__width-initial elementor-invisible elementor-widget elementor-widget-text-editor\" data-id=\"f4093b0\" data-element_type=\"widget\" data-e-type=\"widget\" data-settings=\"{&quot;_animation&quot;:&quot;fadeInUp&quot;}\" data-widget_type=\"text-editor.default\">\n\t\t\t\t<div class=\"elementor-widget-container\">\n\t\t\t\t\t\t\t\t\t<p>L\u2019EMA propose aux \u00e9l\u00e8ves d\u00e9butants la location de guitares, pianos et claviers &#8211; dans la limite du stock &#8211; pour une dur\u00e9e de <strong>5 mois<\/strong> minimum \u00e0 <strong>2 ans <\/strong>maximum.<\/p><p>Parfaitement fonctionnels, ces instruments d\u2019occasion sont lou\u00e9s \u00e0 petit prix:<br \/><strong>80,00 \u20ac \/ an pour les guitares<\/strong><br \/><strong>80,00\u20ac \/ an pour les pianos et claviers.<\/strong><\/p><p>l\u2019EMA demande \u00e0 la signature du contrat de location un ch\u00e8que de caution- non encaiss\u00e9 &#8211; du montant \u00e9quivalent au remplacement \u00e0 neuf de l\u2019instrument.<\/p>\t\t\t\t\t\t\t\t<\/div>\n\t\t\t\t<\/div>\n\t\t\t\t<div class=\"elementor-element elementor-element-9f3634c elementor-widget elementor-widget-spacer\" data-id=\"9f3634c\" data-element_type=\"widget\" data-e-type=\"widget\" data-widget_type=\"spacer.default\">\n\t\t\t\t<div class=\"elementor-widget-container\">\n\t\t\t\t\t\t\t<div class=\"elementor-spacer\">\n\t\t\t<div class=\"elementor-spacer-inner\"><\/div>\n\t\t<\/div>\n\t\t\t\t\t\t<\/div>\n\t\t\t\t<\/div>\n\t\t\t\t<\/div>\n\t\t<div class=\"elementor-element elementor-element-3d28b3a e-con-full e-flex elementor-invisible e-con e-child\" data-id=\"3d28b3a\" data-element_type=\"container\" data-e-type=\"container\" data-settings=\"{&quot;background_background&quot;:&quot;classic&quot;,&quot;animation&quot;:&quot;fadeInLeft&quot;}\">\n\t\t\t\t<div class=\"elementor-element elementor-element-dd8d081 elementor-widget elementor-widget-heading\" data-id=\"dd8d081\" data-element_type=\"widget\" data-e-type=\"widget\" data-widget_type=\"heading.default\">\n\t\t\t\t<div class=\"elementor-widget-container\">\n\t\t\t\t\t<h2 class=\"elementor-heading-title elementor-size-default\">Les pianos num\u00e9riques et Claviers<\/h2>\t\t\t\t<\/div>\n\t\t\t\t<\/div>\n\t\t<div class=\"elementor-element elementor-element-00e125a e-grid e-con-full e-con e-child\" data-id=\"00e125a\" data-element_type=\"container\" data-e-type=\"container\">\n\t\t\t\t<div class=\"elementor-element elementor-element-3341980 elementor-widget elementor-widget-image\" data-id=\"3341980\" data-element_type=\"widget\" data-e-type=\"widget\" data-widget_type=\"image.default\">\n\t\t\t\t<div class=\"elementor-widget-container\">\n\t\t\t\t\t\t\t\t\t\t\t\t\t\t\t<img fetchpriority=\"high\" decoding=\"async\" width=\"300\" height=\"254\" src=\"https:\/\/ema-evreux.fr\/wp-content\/uploads\/2024\/09\/DGX-640-300x254.jpg\" class=\"attachment-medium size-medium wp-image-157\" alt=\"\" srcset=\"https:\/\/ema-evreux.fr\/wp-content\/uploads\/2024\/09\/DGX-640-300x254.jpg 300w, https:\/\/ema-evreux.fr\/wp-content\/uploads\/2024\/09\/DGX-640.jpg 402w\" sizes=\"(max-width: 300px) 100vw, 300px\" \/>\t\t\t\t\t\t\t\t\t\t\t\t\t\t\t<\/div>\n\t\t\t\t<\/div>\n\t\t\t\t<div class=\"elementor-element elementor-element-fecf2e8 elementor-widget elementor-widget-image\" data-id=\"fecf2e8\" data-element_type=\"widget\" data-e-type=\"widget\" data-widget_type=\"image.default\">\n\t\t\t\t<div class=\"elementor-widget-container\">\n\t\t\t\t\t\t\t\t\t\t\t\t\t\t\t<img decoding=\"async\" width=\"265\" height=\"300\" src=\"https:\/\/ema-evreux.fr\/wp-content\/uploads\/2024\/09\/DGX-620-265x300.jpg\" class=\"attachment-medium size-medium wp-image-156\" alt=\"\" srcset=\"https:\/\/ema-evreux.fr\/wp-content\/uploads\/2024\/09\/DGX-620-265x300.jpg 265w, https:\/\/ema-evreux.fr\/wp-content\/uploads\/2024\/09\/DGX-620-903x1024.jpg 903w, https:\/\/ema-evreux.fr\/wp-content\/uploads\/2024\/09\/DGX-620-768x871.jpg 768w, https:\/\/ema-evreux.fr\/wp-content\/uploads\/2024\/09\/DGX-620.jpg 1030w\" sizes=\"(max-width: 265px) 100vw, 265px\" \/>\t\t\t\t\t\t\t\t\t\t\t\t\t\t\t<\/div>\n\t\t\t\t<\/div>\n\t\t\t\t<div class=\"elementor-element elementor-element-c6d21d4 elementor-widget elementor-widget-image\" data-id=\"c6d21d4\" data-element_type=\"widget\" data-e-type=\"widget\" data-widget_type=\"image.default\">\n\t\t\t\t<div class=\"elementor-widget-container\">\n\t\t\t\t\t\t\t\t\t\t\t\t\t\t\t<img decoding=\"async\" width=\"300\" height=\"296\" src=\"https:\/\/ema-evreux.fr\/wp-content\/uploads\/2024\/09\/DGX-505-300x296.jpg\" class=\"attachment-medium size-medium wp-image-155\" alt=\"\" srcset=\"https:\/\/ema-evreux.fr\/wp-content\/uploads\/2024\/09\/DGX-505-300x296.jpg 300w, https:\/\/ema-evreux.fr\/wp-content\/uploads\/2024\/09\/DGX-505-768x757.jpg 768w, https:\/\/ema-evreux.fr\/wp-content\/uploads\/2024\/09\/DGX-505.jpg 799w\" sizes=\"(max-width: 300px) 100vw, 300px\" \/>\t\t\t\t\t\t\t\t\t\t\t\t\t\t\t<\/div>\n\t\t\t\t<\/div>\n\t\t\t\t<div class=\"elementor-element elementor-element-04c90d4 elementor-widget elementor-widget-image\" data-id=\"04c90d4\" data-element_type=\"widget\" data-e-type=\"widget\" data-widget_type=\"image.default\">\n\t\t\t\t<div class=\"elementor-widget-container\">\n\t\t\t\t\t\t\t\t\t\t\t\t\t\t\t<img loading=\"lazy\" decoding=\"async\" width=\"512\" height=\"221\" src=\"https:\/\/ema-evreux.fr\/wp-content\/uploads\/2024\/09\/PSR-730.jpg\" class=\"attachment-large size-large wp-image-153\" alt=\"\" srcset=\"https:\/\/ema-evreux.fr\/wp-content\/uploads\/2024\/09\/PSR-730.jpg 512w, https:\/\/ema-evreux.fr\/wp-content\/uploads\/2024\/09\/PSR-730-300x129.jpg 300w\" sizes=\"(max-width: 512px) 100vw, 512px\" \/>\t\t\t\t\t\t\t\t\t\t\t\t\t\t\t<\/div>\n\t\t\t\t<\/div>\n\t\t\t\t<div class=\"elementor-element elementor-element-b660622 elementor-widget elementor-widget-image\" data-id=\"b660622\" data-element_type=\"widget\" data-e-type=\"widget\" data-widget_type=\"image.default\">\n\t\t\t\t<div class=\"elementor-widget-container\">\n\t\t\t\t\t\t\t\t\t\t\t\t\t\t\t<img loading=\"lazy\" decoding=\"async\" width=\"300\" height=\"183\" src=\"https:\/\/ema-evreux.fr\/wp-content\/uploads\/2024\/09\/Tyros-01-e1726170607937-300x183.jpg\" class=\"attachment-medium size-medium wp-image-154\" alt=\"\" srcset=\"https:\/\/ema-evreux.fr\/wp-content\/uploads\/2024\/09\/Tyros-01-e1726170607937-300x183.jpg 300w, https:\/\/ema-evreux.fr\/wp-content\/uploads\/2024\/09\/Tyros-01-e1726170607937-1024x626.jpg 1024w, https:\/\/ema-evreux.fr\/wp-content\/uploads\/2024\/09\/Tyros-01-e1726170607937-768x469.jpg 768w, https:\/\/ema-evreux.fr\/wp-content\/uploads\/2024\/09\/Tyros-01-e1726170607937.jpg 1080w\" sizes=\"(max-width: 300px) 100vw, 300px\" \/>\t\t\t\t\t\t\t\t\t\t\t\t\t\t\t<\/div>\n\t\t\t\t<\/div>\n\t\t\t\t<div class=\"elementor-element elementor-element-0d20605 elementor-widget elementor-widget-image\" data-id=\"0d20605\" data-element_type=\"widget\" data-e-type=\"widget\" data-widget_type=\"image.default\">\n\t\t\t\t<div class=\"elementor-widget-container\">\n\t\t\t\t\t\t\t\t\t\t\t\t\t\t\t<img loading=\"lazy\" decoding=\"async\" width=\"335\" height=\"150\" src=\"https:\/\/ema-evreux.fr\/wp-content\/uploads\/2024\/09\/PSR-630.jpg\" class=\"attachment-large size-large wp-image-152\" alt=\"\" srcset=\"https:\/\/ema-evreux.fr\/wp-content\/uploads\/2024\/09\/PSR-630.jpg 335w, https:\/\/ema-evreux.fr\/wp-content\/uploads\/2024\/09\/PSR-630-300x134.jpg 300w\" sizes=\"(max-width: 335px) 100vw, 335px\" \/>\t\t\t\t\t\t\t\t\t\t\t\t\t\t\t<\/div>\n\t\t\t\t<\/div>\n\t\t\t\t<\/div>\n\t\t\t\t<\/div>\n\t\t<div class=\"elementor-element elementor-element-b14b016 e-con-full e-flex e-con e-child\" data-id=\"b14b016\" data-element_type=\"container\" data-e-type=\"container\">\n\t\t\t\t<div class=\"elementor-element elementor-element-4d7a721 elementor-widget elementor-widget-spacer\" data-id=\"4d7a721\" data-element_type=\"widget\" data-e-type=\"widget\" data-widget_type=\"spacer.default\">\n\t\t\t\t<div class=\"elementor-widget-container\">\n\t\t\t\t\t\t\t<div class=\"elementor-spacer\">\n\t\t\t<div class=\"elementor-spacer-inner\"><\/div>\n\t\t<\/div>\n\t\t\t\t\t\t<\/div>\n\t\t\t\t<\/div>\n\t\t<div class=\"elementor-element elementor-element-9fe8afa e-grid e-con-full elementor-invisible e-con e-child\" data-id=\"9fe8afa\" data-element_type=\"container\" data-e-type=\"container\" data-settings=\"{&quot;background_background&quot;:&quot;classic&quot;,&quot;animation&quot;:&quot;fadeIn&quot;}\">\n\t\t\t\t<div class=\"elementor-element elementor-element-dfcd0ea elementor-widget elementor-widget-heading\" data-id=\"dfcd0ea\" data-element_type=\"widget\" data-e-type=\"widget\" data-widget_type=\"heading.default\">\n\t\t\t\t<div class=\"elementor-widget-container\">\n\t\t\t\t\t<h2 class=\"elementor-heading-title elementor-size-default\">Guitare classique  et Guitare Folk<\/h2>\t\t\t\t<\/div>\n\t\t\t\t<\/div>\n\t\t\t\t<div class=\"elementor-element elementor-element-e7edfdb elementor-widget elementor-widget-image\" data-id=\"e7edfdb\" data-element_type=\"widget\" data-e-type=\"widget\" data-widget_type=\"image.default\">\n\t\t\t\t<div class=\"elementor-widget-container\">\n\t\t\t\t\t\t\t\t\t\t\t\t\t\t\t<img loading=\"lazy\" decoding=\"async\" width=\"125\" height=\"300\" src=\"https:\/\/ema-evreux.fr\/wp-content\/uploads\/2024\/09\/Guitare-Classique-125x300.jpg\" class=\"attachment-medium size-medium wp-image-158\" alt=\"\" srcset=\"https:\/\/ema-evreux.fr\/wp-content\/uploads\/2024\/09\/Guitare-Classique-125x300.jpg 125w, https:\/\/ema-evreux.fr\/wp-content\/uploads\/2024\/09\/Guitare-Classique.jpg 140w\" sizes=\"(max-width: 125px) 100vw, 125px\" \/>\t\t\t\t\t\t\t\t\t\t\t\t\t\t\t<\/div>\n\t\t\t\t<\/div>\n\t\t\t\t<div class=\"elementor-element elementor-element-224fcac elementor-widget elementor-widget-image\" data-id=\"224fcac\" data-element_type=\"widget\" data-e-type=\"widget\" data-widget_type=\"image.default\">\n\t\t\t\t<div class=\"elementor-widget-container\">\n\t\t\t\t\t\t\t\t\t\t\t\t\t\t\t<img loading=\"lazy\" decoding=\"async\" width=\"145\" height=\"300\" src=\"https:\/\/ema-evreux.fr\/wp-content\/uploads\/2024\/09\/Guitare-Folk-145x300.jpg\" class=\"attachment-medium size-medium wp-image-149\" alt=\"\" srcset=\"https:\/\/ema-evreux.fr\/wp-content\/uploads\/2024\/09\/Guitare-Folk-145x300.jpg 145w, https:\/\/ema-evreux.fr\/wp-content\/uploads\/2024\/09\/Guitare-Folk.jpg 302w\" sizes=\"(max-width: 145px) 100vw, 145px\" \/>\t\t\t\t\t\t\t\t\t\t\t\t\t\t\t<\/div>\n\t\t\t\t<\/div>\n\t\t\t\t<div class=\"elementor-element elementor-element-cfa3aa9 elementor-widget elementor-widget-heading\" data-id=\"cfa3aa9\" data-element_type=\"widget\" data-e-type=\"widget\" data-widget_type=\"heading.default\">\n\t\t\t\t<div class=\"elementor-widget-container\">\n\t\t\t\t\t<h2 class=\"elementor-heading-title elementor-size-default\">Guitare \u00e9lectrique + ampli<\/h2>\t\t\t\t<\/div>\n\t\t\t\t<\/div>\n\t\t\t\t<div class=\"elementor-element elementor-element-115aed5 elementor-widget elementor-widget-image\" data-id=\"115aed5\" data-element_type=\"widget\" data-e-type=\"widget\" data-widget_type=\"image.default\">\n\t\t\t\t<div class=\"elementor-widget-container\">\n\t\t\t\t\t\t\t\t\t\t\t\t\t\t\t<img loading=\"lazy\" decoding=\"async\" width=\"83\" height=\"225\" src=\"https:\/\/ema-evreux.fr\/wp-content\/uploads\/2024\/09\/Ibanez-GSK-60-e1726170282230.jpg\" class=\"attachment-large size-large wp-image-150\" alt=\"\" \/>\t\t\t\t\t\t\t\t\t\t\t\t\t\t\t<\/div>\n\t\t\t\t<\/div>\n\t\t\t\t<div class=\"elementor-element elementor-element-23a1d49 elementor-widget elementor-widget-image\" data-id=\"23a1d49\" data-element_type=\"widget\" data-e-type=\"widget\" data-widget_type=\"image.default\">\n\t\t\t\t<div class=\"elementor-widget-container\">\n\t\t\t\t\t\t\t\t\t\t\t\t\t\t\t<img loading=\"lazy\" decoding=\"async\" width=\"150\" height=\"150\" src=\"https:\/\/ema-evreux.fr\/wp-content\/uploads\/2024\/09\/Micro-Cube-Roland-150x150.jpg\" class=\"attachment-thumbnail size-thumbnail wp-image-151\" alt=\"\" srcset=\"https:\/\/ema-evreux.fr\/wp-content\/uploads\/2024\/09\/Micro-Cube-Roland-150x150.jpg 150w, https:\/\/ema-evreux.fr\/wp-content\/uploads\/2024\/09\/Micro-Cube-Roland-300x300.jpg 300w, https:\/\/ema-evreux.fr\/wp-content\/uploads\/2024\/09\/Micro-Cube-Roland.jpg 336w\" sizes=\"(max-width: 150px) 100vw, 150px\" \/>\t\t\t\t\t\t\t\t\t\t\t\t\t\t\t<\/div>\n\t\t\t\t<\/div>\n\t\t\t\t<\/div>\n\t\t\t\t<\/div>\n\t\t\t\t\t<\/div>\n\t\t\t\t<\/div>\n\t\t\t\t<\/div>\n\t\t","protected":false},"excerpt":{"rendered":"<p>Location d&#8217;instruments L\u2019EMA propose aux \u00e9l\u00e8ves d\u00e9butants la location de guitares, pianos et claviers &#8211;&hellip;<\/p>\n","protected":false},"author":1,"featured_media":0,"parent":0,"menu_order":0,"comment_status":"closed","ping_status":"closed","template":"elementor_header_footer","meta":{"footnotes":""},"class_list":["post-135","page","type-page","status-publish","hentry"],"_links":{"self":[{"href":"https:\/\/ema-evreux.fr\/index.php\/wp-json\/wp\/v2\/pages\/135","targetHints":{"allow":["GET"]}}],"collection":[{"href":"https:\/\/ema-evreux.fr\/index.php\/wp-json\/wp\/v2\/pages"}],"about":[{"href":"https:\/\/ema-evreux.fr\/index.php\/wp-json\/wp\/v2\/types\/page"}],"author":[{"embeddable":true,"href":"https:\/\/ema-evreux.fr\/index.php\/wp-json\/wp\/v2\/users\/1"}],"replies":[{"embeddable":true,"href":"https:\/\/ema-evreux.fr\/index.php\/wp-json\/wp\/v2\/comments?post=135"}],"version-history":[{"count":34,"href":"https:\/\/ema-evreux.fr\/index.php\/wp-json\/wp\/v2\/pages\/135\/revisions"}],"predecessor-version":[{"id":312,"href":"https:\/\/ema-evreux.fr\/index.php\/wp-json\/wp\/v2\/pages\/135\/revisions\/312"}],"wp:attachment":[{"href":"https:\/\/ema-evreux.fr\/index.php\/wp-json\/wp\/v2\/media?parent=135"}],"curies":[{"name":"wp","href":"https:\/\/api.w.org\/{rel}","templated":true}]}}